 -39131111 - 1?
-39131112
In base 15, what is -20754 - -30?
-20724
In base 6, what is 3 - -210254453?
210254500
In base 15, what is 0 - 50120?
-50120
In base 10, what is 10826 - -1496?
12322
In base 9, what is -2007863 + -1?
-2007864
In base 16, what is -dc4c + 42?
-dc0a
In base 6, what is 2332 - -43044?
45420
In base 9, what is -1136473 - 12?
-1136485
In base 9, what is 73 - -263805?
263878
In base 6, what is 1 + 1345532125?
1345532130
In base 11, what is 20702544 - -8?
20702551
In base 2, what is 111000100 + -11010011100101111?
-11010010101101011
In base 5, what is 20213231424 + 3?
20213231432
In base 8, what is 2200 + -213742?
-211542
In base 9, what is -20144 - 7117?
-27262
In base 7, what is -41221625 - 1?
-41221626
In base 4, what is 211213 + 123213?
1001032
In base 2, what is -10010100100011 - -10011011100?
-10000001000111
In base 15, what is -3b8 - -c144?
bc7b
In base 15, what is 92dde + 3bd?
932ac
In base 13, what is 229bb6b + 9?
229bb77
In base 4, what is 0 - -12102012133?
12102012133
In base 16, what is 587 + -586?
1
In base 5, what is 1102012 + 2402103?
4004120
In base 7, what is 3 - 4004435?
-4004432
In base 12, what is 10654 - b63?
b6b1
In base 10, what is 22804590 + 4?
22804594
In base 13, what is -55a802a - -15?
-55a8015
In base 12, what is -77 + -83a58?
-83b13
In base 9, what is -3 - -12730406?
12730403
In base 3, what is -210121 + 2200000211111?
2200000000220
In base 6, what is 1544425001 + 4?
1544425005
In base 2, what is 11010111 + -1100111111011011?
-1100111100000100
In base 16, what is -208bfb6 + -5?
-208bfbb
In base 4, what is 1033 - -23132033?
23133132
In base 12, what is -80615137 - 0?
-80615137
In base 3, what is -10 - -102121100201221202?
102121100201221122
In base 5, what is -120024131 + -103?
-120024234
In base 5, what is 14402 - -21300002?
21314404
In base 16, what is -3c0638 + -f?
-3c0647
In base 16, what is 1e0dc + 29?
1e105
In base 5, what is -10434320 - -44?
-10434221
In base 8, what is 3113 + 74665?
100000
In base 11, what is 8 - -7403196?
74031a3
In base 12, what is -12 + -18970b0?
-1897102
In base 14, what is 6116 - -329d0?
38b06
In base 9, what is -24782280 + 1?
-24782278
In base 9, what is -372 + 3418567?
3418185
In base 11, what is 36 - -4a64a?
4a685
In base 2, what is -10011111000111101001000100 + 101?
-10011111000111101000111111
In base 14, what is 17dda5 + -cc?
17dcb7
In base 12, what is -96 - 11831b?
-1183b5
In base 9, what is -14 + -2186106?
-2186121
In base 3, what is -102 - 1112000100010121?
-1112000100011000
In base 10, what is -29389 - 3385?
-32774
In base 13, what is 60161 - -1a1?
60332
In base 14, what is -4 - 22cd86?
-22cd8a
In base 10, what is 211987462 + 4?
211987466
In base 5, what is -10004322322 - -333?
-10004321434
In base 13, what is 4 - b98564?
-b98560
In base 13, what is -26315 - -155?
-26190
In base 14, what is -2d1bdb - 285?
-2d2082
In base 8, what is -346 - -40005?
37437
In base 2, what is 111000111001000 - 1101000?
111000101100000
In base 16, what is 8ac6 - -bc7?
968d
In base 2, what is -11001000110 + 100111?
-11000011111
In base 11, what is 7a711 + -439?
7a283
In base 11, what is -473191a - -3?
-4731917
In base 10, what is -5 - 1871945?
-1871950
In base 11, what is 34950 - -114a?
35a9a
In base 16, what is 6 - -aff892?
aff898
In base 3, what is -101 - -11221011221212?
11221011221111
In base 15, what is 66a9 + c5b?
7415
In base 3, what is -10101020100 - 2200?
-10101100000
In base 14, what is -5c60 + b66?
-50d8
In base 4, what is -221111 - -1311203?
1030032
In base 5, what is -40021044412 + -10?
-40021044422
In base 9, what is 583523 + -40?
583473
In base 13, what is -a3 - -a5?
2
In base 14, what is -3858910 - 5?
-3858915
In base 2, what is 1000001011111001111 + 111?
1000001011111010110
In base 15, what is 4 + -4aec545?
-4aec541
In base 14, what is -34 - 14b2b?
-14b61
In base 9, what is 4 + 1346182?
1346186
In base 11, what is -8 - 2780216?
-2780223
In base 13, what is -5 + -497b99?
-497ba1
In base 5, what is -1021 - 113112?
-114133
In base 13, what is 5428b69 - -9?
5428b75
In base 8, what is 603700 - -44?
603744
In base 7, what is 10 + -41524303?
-41524263
In base 7, what is 121015003 + 20?
121015023
In base 10, what is -308 + -129853?
-130161
In base 15, what is -5 - 8cae71?
-8cae76
In base 3, what is -112001002 - -10011?
-111220221
In base 14, what is 0 + 14d19ab?
14d19ab
In base 16, what is 1 - -2f3395e?
2f3395f
In base 5, what is -2201302304321 + 3?
-2201302304313
In base 15, what is 34 + -11c1b?
-11bd7
In base 8, what is 430 - 21767?
-21337
In base 14, what is -3a1d - -9c3?
-303a
In base 11, what is 215 + 99763?
99978
In base 3, what is 21122 - 2011120200021?
-2011120101122
In base 13, what is -15566854 + 3?
-15566851
In base 8, what is -110265776 - -1?
-110265775
In base 14, what is a342b - -87?
a34b4
In base 3, what is -221111120222222 + 201?
-221111120222021
In base 10, what is -15426 + 5462?
-9964
In base 9, what is -740757553 + 5?
-740757547
In base 4, what is -11 + -103331002133?
-103331002210
In base 15, what is d + -4e07e?
-4e071
In base 8, what is -255 - -57637?
57362
In base 2, what is 100 - 111010101101101100010?
-111010101101101011110
In base 7, what is -22342 + 5026?
-14313
In base 8, what is -613 + 25610?
24775
In base 3, what is 122120012002002 + -1111?
122120012000121
In base 12, what is 107 - -199a15?
199b20
In base 10, what is -12966 + -848?
-13814
In base 12, what is 1a + 2281b0a?
2281b28
In base 3, what is -2101221 + -100101101?
-102210022
In base 5, what is 1441402 + 30?
1441432
In base 2, what is -110 - -101011101011010001000?
101011101011010000010
In base 14, what is 835b - 212?
8149
In base 14, what is 59 + bb9cc?
bba47
In base 8, what is -1550400031 - -3?
-1550400026
In base 16, what is 12ab - 1a4f?
-7a4
In base 3, what is 12 + -2220022102011?
-2220022101222
In base 9, what is 52061 - -654?
52725
In base 3, what is 1 - -10111211012100001?
10111211012100002
In base 9, what is -4 - -112224202?
112224187
In base 14, what is 3 - -73b004?
73b007
In base 7, what is -126011546 + 1?
-126011545
In base 9, what is -264275 - 47?
-264333
In base 15, what is -6c4ee95e + -1?
-6c4ee960
In base 14, what is -8436 + 20d?
-8227
In base 11, what is 32836 - 2513?
30323
In base 12, what is -13493a2 + 0?
-13493a2
In base 3, what is 21 - 21000122210010210?
-21000122210010112
In base 4, what is 1 + 33110100121?
33110100122
In base 8, what is -113200 - 32?
-113232
In base 6, what is 2015511 + -2004?
2013503
In base 8, what is 676 + 100013?
100711
In base 4, what is 32222321 - 31032?
32131223
In base 16, what is -d5e8d - 267?
-d60f4
In base 2, what is -10101100100100001010010 - -100111?
-10101100100100000101011
In base 6, what is -1541402311 - 24?
-1541402335
In base 11, what is 1712 + 260391?
261aa3
In base 8, what is -701011 - -1126?
-677663
In base 13, what is 4324340 - -5?
4324345
In base 7, what is 34523 + 6245?
44101
In base 12, what is -5a159 - -70?
-5a0a9
In base 6, what is 133 - -4215504?
4220041
In base 2, what is -101 - 1001111111000100010000001?
-1001111111000100010000110
In base 3, what is -2120012111 + -202001?
-2120221112
In base 5, what is -343230 - -223114?
-120111
In base 12, what is 38 + -4949b8?
-494980
In base 15, what is -188b + 922d?
7892
In base 11, what is 12a08094 - 5?
12a0808a
In base 10, what is -54398088 + 1?
-54398087
In base 16, what is 11e1 + 6df8?
7fd9
In base 15, what is 2 + -da0b51?
-da0b4e
In base 5, what is -344 + 240443430?
240443031
In base 8, what is -4 - 137521?
-137525
In base 4, what is 1111 - 3330130113?
-3330123002
In base 8, what is 71036547 + -3?
71036544
In base 9, what is 166 + -111400?
-111223
In base 15, what is -68e127 - d?
-68e135
In base 13, what is 29735042 + 2?
29735044
In base 13, what is -8b + -2c8579?
-2c8637
In base 5, what is 10001433101 + -4?
10001433042
In base 5, what is -2 - 213423200?
-213423202
In base 13, what is 31 + 912c?
9160
In base 6, what is -1 + 2535030115?
2535030114
In base 5, what is 2014034 - -1313012?
3332101
In base 8, what is 310 + 121100?
121410
In base 6, what is 134515525 + 0?
134515525
In base 10, what is -6 + 9285148?
9285142
In base 5, what is -234141234 + 44?
-234141140
In base 7, what is -544 + 44052?
43205
In base 16, what is -27d5f7 + -23?
-27d61a
In base 5, what is -114302231 - -10